{"id":149,"date":"2025-05-04T14:11:11","date_gmt":"2025-05-04T12:11:11","guid":{"rendered":"https:\/\/www.humboldt-ka.de\/index.php\/?page_id=149"},"modified":"2026-01-31T10:54:56","modified_gmt":"2026-01-31T09:54:56","slug":"sia-schueler-ingenieur-akademie","status":"publish","type":"page","link":"https:\/\/www.humboldt-ka.de\/index.php\/unsere-schule\/profil\/sia-schueler-ingenieur-akademie\/","title":{"rendered":"SIA \u2013 Sch\u00fcler-Ingenieur-Akademie"},"content":{"rendered":"\n<p>In Kooperation mit dem St. Dominikus Gymnasium Karlsruhe, der Hochschule Karlsruhe und Industriebetrieben wie Siemens, SEW Eurodrive, DM Tech, Rosenbauer und IWK Verpackungstechnik bieten wir unseren Sch\u00fclerinnen und Sch\u00fclern echte Ingenieurpraxis in Projekten zwischen Schule, Hochschule und Wirtschaft. Die SIA bieten wir seit \u00fcber 10 Jahren als&nbsp;Seminarkurs in der K1&nbsp;an.<\/p>\n\n\n\n<div class=\"wp-block-columns is-layout-flex wp-container-core-columns-is-layout-28f84493 wp-block-columns-is-layout-flex\">\n<div class=\"wp-block-column is-layout-flow wp-block-column-is-layout-flow\" style=\"flex-basis:66.66%\">\n<p><strong>SIA richtet sich<\/strong>&nbsp;&#8230;<br>an Sch\u00fclerinnen und Sch\u00fcler der gymnasialen Oberstufe.<\/p>\n\n\n\n<p><strong>SIA ist eine kooperative Einrichtung<\/strong>&nbsp;&#8230;<br>von Schule \u2013 Wirtschaft \u2013 Hochschule.<\/p>\n\n\n\n<p><strong>SIA wurde initiiert und gef\u00f6rdert<\/strong>&nbsp;&#8230;<br>von S\u00fcdwestmetall, dem Verband der Metall- und Elektroindustrie Baden-W\u00fcrttemberg e. V.<\/p>\n\n\n\n<p><strong>SIA er\u00f6ffnet Perspektiven<\/strong>&nbsp;&#8230;<br>einer beruflichen Zukunft in den Bereichen MINT und Ingenieurswissenschaften.<\/p>\n<\/div>\n\n\n\n<div class=\"wp-block-column is-layout-flow wp-block-column-is-layout-flow\" style=\"flex-basis:33.33%\">\n<figure class=\"wp-block-image size-full\"><img loading=\"lazy\" decoding=\"async\" width=\"428\" height=\"214\" src=\"https:\/\/www.humboldt-ka.de\/wp-content\/uploads\/2025\/05\/SIA.png\" alt=\"Logo der Sch\u00fcler-Ingenieur-Akademie\" class=\"wp-image-150\" srcset=\"https:\/\/www.humboldt-ka.de\/wp-content\/uploads\/2025\/05\/SIA.png 428w, https:\/\/www.humboldt-ka.de\/wp-content\/uploads\/2025\/05\/SIA-300x150.png 300w\" sizes=\"auto, (max-width: 428px) 100vw, 428px\" \/><\/figure>\n<\/div>\n<\/div>\n\n\n\n<p>Die Ziele der Sch\u00fcler-Ingenieur-Akademie sind, naturwissenschaftlich interessierte und talentierte Sch\u00fclerinnen und Sch\u00fcler der gymnasialen Oberstufe zu f\u00f6rdern und sie mit Inhalten des Berufsfeldes einer Ingenieurin bzw. eines Ingenieurs vertraut zu machen.<\/p>\n\n\n\n<p><strong>Verantwortliche Lehrkr\u00e4fte am HGK:<\/strong> Frau Maisch und Herr Mattheis<\/p>\n\n\n\n<p><\/p>\n\n\n\n<p><\/p>\n\n\n\n<figure class=\"wp-block-image size-large\"><img loading=\"lazy\" decoding=\"async\" width=\"1024\" height=\"130\" src=\"https:\/\/www.humboldt-ka.de\/wp-content\/uploads\/2026\/01\/SIA_Koops-1024x130.png\" alt=\"Logos der an der SIA beteiligten Schulen, Hochschulen und Firmen\" class=\"wp-image-862\" srcset=\"https:\/\/www.humboldt-ka.de\/wp-content\/uploads\/2026\/01\/SIA_Koops-1024x130.png 1024w, https:\/\/www.humboldt-ka.de\/wp-content\/uploads\/2026\/01\/SIA_Koops-300x38.png 300w, https:\/\/www.humboldt-ka.de\/wp-content\/uploads\/2026\/01\/SIA_Koops-768x97.png 768w, https:\/\/www.humboldt-ka.de\/wp-content\/uploads\/2026\/01\/SIA_Koops-1536x195.png 1536w, https:\/\/www.humboldt-ka.de\/wp-content\/uploads\/2026\/01\/SIA_Koops-2048x259.png 2048w\" sizes=\"auto, (max-width: 1024px) 100vw, 1024px\" \/><\/figure>\n\n\n\n<p><\/p>\n","protected":false},"excerpt":{"rendered":"<p>In Kooperation mit dem St. Dominikus Gymnasium Karlsruhe, der Hochschule Karlsruhe und Industriebetrieben wie Siemens, SEW Eurodrive, DM Tech, Rosenbauer und IWK Verpackungstechnik bieten wir unseren Sch\u00fclerinnen und Sch\u00fclern echte Ingenieurpraxis in Projekten zwischen Schule, Hochschule und Wirtschaft. Die SIA bieten wir seit \u00fcber 10 Jahren als&nbsp;Seminarkurs in der K1&nbsp;an. SIA richtet sich&nbsp;&#8230;an Sch\u00fclerinnen und [&hellip;]<\/p>\n","protected":false},"author":1,"featured_media":0,"parent":104,"menu_order":0,"comment_status":"closed","ping_status":"closed","template":"","meta":{"footnotes":""},"class_list":["post-149","page","type-page","status-publish","hentry"],"_links":{"self":[{"href":"https:\/\/www.humboldt-ka.de\/index.php\/wp-json\/wp\/v2\/pages\/149","targetHints":{"allow":["GET"]}}],"collection":[{"href":"https:\/\/www.humboldt-ka.de\/index.php\/wp-json\/wp\/v2\/pages"}],"about":[{"href":"https:\/\/www.humboldt-ka.de\/index.php\/wp-json\/wp\/v2\/types\/page"}],"author":[{"embeddable":true,"href":"https:\/\/www.humboldt-ka.de\/index.php\/wp-json\/wp\/v2\/users\/1"}],"replies":[{"embeddable":true,"href":"https:\/\/www.humboldt-ka.de\/index.php\/wp-json\/wp\/v2\/comments?post=149"}],"version-history":[{"count":6,"href":"https:\/\/www.humboldt-ka.de\/index.php\/wp-json\/wp\/v2\/pages\/149\/revisions"}],"predecessor-version":[{"id":1004,"href":"https:\/\/www.humboldt-ka.de\/index.php\/wp-json\/wp\/v2\/pages\/149\/revisions\/1004"}],"up":[{"embeddable":true,"href":"https:\/\/www.humboldt-ka.de\/index.php\/wp-json\/wp\/v2\/pages\/104"}],"wp:attachment":[{"href":"https:\/\/www.humboldt-ka.de\/index.php\/wp-json\/wp\/v2\/media?parent=149"}],"curies":[{"name":"wp","href":"https:\/\/api.w.org\/{rel}","templated":true}]}}