{"id":154,"date":"2025-05-04T14:14:26","date_gmt":"2025-05-04T12:14:26","guid":{"rendered":"https:\/\/www.humboldt-ka.de\/index.php\/?page_id=154"},"modified":"2026-02-08T20:56:25","modified_gmt":"2026-02-08T19:56:25","slug":"schueleraustausch","status":"publish","type":"page","link":"https:\/\/www.humboldt-ka.de\/index.php\/unsere-schule\/profil\/schueleraustausch\/","title":{"rendered":"Sch\u00fcleraustausch"},"content":{"rendered":"\n<figure class=\"wp-block-image alignright size-large\"><img loading=\"lazy\" decoding=\"async\" width=\"338\" height=\"1024\" src=\"https:\/\/www.humboldt-ka.de\/wp-content\/uploads\/2026\/01\/HGK_Austauschziele_Flags-338x1024.jpg\" alt=\"Fotos von Kirchen, Gedenkst\u00e4tten und Pl\u00e4tzen aus allen genannten Partnerst\u00e4dten des HGK mit den entsprechenden Landesflaggen in der rechten oberen Ecke\" class=\"wp-image-957\" srcset=\"https:\/\/www.humboldt-ka.de\/wp-content\/uploads\/2026\/01\/HGK_Austauschziele_Flags-338x1024.jpg 338w, https:\/\/www.humboldt-ka.de\/wp-content\/uploads\/2026\/01\/HGK_Austauschziele_Flags-99x300.jpg 99w, https:\/\/www.humboldt-ka.de\/wp-content\/uploads\/2026\/01\/HGK_Austauschziele_Flags-768x2329.jpg 768w, https:\/\/www.humboldt-ka.de\/wp-content\/uploads\/2026\/01\/HGK_Austauschziele_Flags-scaled.jpg 844w\" sizes=\"auto, (max-width: 338px) 100vw, 338px\" \/><\/figure>\n\n\n\n<p>Am Humboldt-Gymnasium Karlsruhe (HGK) k\u00f6nnen die modernen <a href=\"https:\/\/www.humboldt-ka.de\/index.php\/unsere-schule\/profil\/fremdsprachen-am-hgk\/\" data-type=\"page\" data-id=\"964\">Fremdsprachen<\/a> Englisch, Franz\u00f6sisch und Spanisch erlernt werden. Alle drei Sprachen laden dazu ein, L\u00e4nder, in denen die jeweilige Sprache gesprochen wird, zu bereisen und die dortige Kultur kennenzulernen.<br>Dazu bietet das HGK die folgenden Austauschangebote an, auf die in der Regel bei den jeweiligen Klassenpflegschaftsabenden von den Ansprechpartnerinnen und Ansprechpartnern hingewiesen wird.<br><\/p>\n\n\n\n<figure class=\"wp-block-table is-style-stripes\"><table class=\"has-fixed-layout\"><thead><tr><th class=\"has-text-align-left\" data-align=\"left\">Klassenstufe<\/th><th class=\"has-text-align-left\" data-align=\"left\">Austausch<\/th><th class=\"has-text-align-left\" data-align=\"left\">Ansprechpartner<\/th><\/tr><\/thead><tbody><tr><td class=\"has-text-align-left\" data-align=\"left\">7<\/td><td class=\"has-text-align-left\" data-align=\"left\">Frankreich<br>(S\u00e8vres)<\/td><td class=\"has-text-align-left\" data-align=\"left\"><a href=\"https:\/\/www.humboldt-ka.de\/schulgemeinschaft\/kollegium-des-hgk\/#mailhinweis-anker\">Frau Bechtold<\/a><br><a href=\"https:\/\/www.humboldt-ka.de\/schulgemeinschaft\/kollegium-des-hgk\/#mailhinweis-anker\">Frau St\u00fcrner<\/a><\/td><\/tr><tr><td class=\"has-text-align-left\" data-align=\"left\">8<\/td><td class=\"has-text-align-left\" data-align=\"left\">Niederlande<br>(Ede)<\/td><td class=\"has-text-align-left\" data-align=\"left\"><a href=\"https:\/\/www.humboldt-ka.de\/schulgemeinschaft\/kollegium-des-hgk\/#mailhinweis-anker\">Frau Ke\u00dfler-Karl<\/a><br><a href=\"https:\/\/www.humboldt-ka.de\/schulgemeinschaft\/kollegium-des-hgk\/#mailhinweis-anker\">Frau Van Goidsenoven<\/a><\/td><\/tr><tr><td class=\"has-text-align-left\" data-align=\"left\">9<\/td><td class=\"has-text-align-left\" data-align=\"left\">England<br>(Nottingham)<\/td><td class=\"has-text-align-left\" data-align=\"left\"><a href=\"https:\/\/www.humboldt-ka.de\/schulgemeinschaft\/kollegium-des-hgk\/#mailhinweis-anker\">Herr Heil<\/a><\/td><\/tr><tr><td class=\"has-text-align-left\" data-align=\"left\">10<\/td><td class=\"has-text-align-left\" data-align=\"left\">Spanien<br>(Llucmajor)<\/td><td class=\"has-text-align-left\" data-align=\"left\"><a href=\"https:\/\/www.humboldt-ka.de\/schulgemeinschaft\/kollegium-des-hgk\/#mailhinweis-anker\">Frau Janischka<\/a><\/td><\/tr><\/tbody><\/table><\/figure>\n\n\n\n<p>Ein zus\u00e4tzliches Angebot zum Individualaustausch mit Nancy in Frankreich findet klassen\u00fcbergreifend statt. Ansprechpartnerin: <a href=\"https:\/\/www.humboldt-ka.de\/schulgemeinschaft\/kollegium-des-hgk\/#mailhinweis-anker\">Frau G\u00e9rard<\/a>. Sollten Sie allgemeine Fragen zu diesen Austauschangebot haben, k\u00f6nnen Sie sich an <a href=\"https:\/\/www.humboldt-ka.de\/schulgemeinschaft\/kollegium-des-hgk\/#mailhinweis-anker\">Frau Lederer<\/a> wenden.<\/p>\n\n\n\n<p>Stand: 04.02.2025 (i.A. Led)<\/p>\n","protected":false},"excerpt":{"rendered":"<p>Am Humboldt-Gymnasium Karlsruhe (HGK) k\u00f6nnen die modernen Fremdsprachen Englisch, Franz\u00f6sisch und Spanisch erlernt werden. Alle drei Sprachen laden dazu ein, L\u00e4nder, in denen die jeweilige Sprache gesprochen wird, zu bereisen und die dortige Kultur kennenzulernen.Dazu bietet das HGK die folgenden Austauschangebote an, auf die in der Regel bei den jeweiligen Klassenpflegschaftsabenden von den Ansprechpartnerinnen und [&hellip;]<\/p>\n","protected":false},"author":1,"featured_media":0,"parent":104,"menu_order":0,"comment_status":"closed","ping_status":"closed","template":"","meta":{"footnotes":""},"class_list":["post-154","page","type-page","status-publish","hentry"],"_links":{"self":[{"href":"https:\/\/www.humboldt-ka.de\/index.php\/wp-json\/wp\/v2\/pages\/154","targetHints":{"allow":["GET"]}}],"collection":[{"href":"https:\/\/www.humboldt-ka.de\/index.php\/wp-json\/wp\/v2\/pages"}],"about":[{"href":"https:\/\/www.humboldt-ka.de\/index.php\/wp-json\/wp\/v2\/types\/page"}],"author":[{"embeddable":true,"href":"https:\/\/www.humboldt-ka.de\/index.php\/wp-json\/wp\/v2\/users\/1"}],"replies":[{"embeddable":true,"href":"https:\/\/www.humboldt-ka.de\/index.php\/wp-json\/wp\/v2\/comments?post=154"}],"version-history":[{"count":8,"href":"https:\/\/www.humboldt-ka.de\/index.php\/wp-json\/wp\/v2\/pages\/154\/revisions"}],"predecessor-version":[{"id":1312,"href":"https:\/\/www.humboldt-ka.de\/index.php\/wp-json\/wp\/v2\/pages\/154\/revisions\/1312"}],"up":[{"embeddable":true,"href":"https:\/\/www.humboldt-ka.de\/index.php\/wp-json\/wp\/v2\/pages\/104"}],"wp:attachment":[{"href":"https:\/\/www.humboldt-ka.de\/index.php\/wp-json\/wp\/v2\/media?parent=154"}],"curies":[{"name":"wp","href":"https:\/\/api.w.org\/{rel}","templated":true}]}}