{"id":209,"date":"2025-05-04T14:57:41","date_gmt":"2025-05-04T12:57:41","guid":{"rendered":"https:\/\/www.humboldt-ka.de\/index.php\/?page_id=209"},"modified":"2026-01-13T14:48:39","modified_gmt":"2026-01-13T13:48:39","slug":"schulsozialarbeit","status":"publish","type":"page","link":"https:\/\/www.humboldt-ka.de\/index.php\/schulgemeinschaft\/schulsozialarbeit\/","title":{"rendered":"Schulsozialarbeit"},"content":{"rendered":"\n<p>Schulsozialarbeit ist ein Beratungsangebot der Stadt Karlsruhe f\u00fcr die Schulgemeinschaft und unterst\u00fctzt die Sch\u00fcler*innen, Erziehungsberechtigten und das Lehrerkollegium hier an der Schule. Sie tr\u00e4gt der Entwicklung Rechnung, dass Schulen zunehmend vom reinen Lernort zum Lern- und Lebensort werden.<\/p>\n\n\n\n<p>Die Aufgabenschwerpunkte in der Schulsozialarbeit in Karlsruhe sind:<\/p>\n\n\n\n<ul class=\"wp-block-list\">\n<li>Beratung und Unterst\u00fctzung von Sch\u00fcler*innen und Eltern bei schulischen und individuellen Anliegen. Die Beratungsgespr\u00e4che sind freiwillig, vertraulich und kostenlos.<\/li>\n\n\n\n<li>Beratung und Unterst\u00fctzung von Lehrkr\u00e4ften bei Konflikten, Auff\u00e4lligkeiten und gruppendynamischen Prozessen in Klassen sowie bei Fragen zum Kinder- und Jugendschutz.<\/li>\n\n\n\n<li>Unterst\u00fctzung der Schule durch Projektarbeit mit Themen wie Pr\u00e4vention, Sozialkompetenz und St\u00e4rkung der Klassengemeinschaft sowie Hilfe bei Konflikten in der Klasse. Die Themenauflistung ist nicht abschlie\u00dfend. Hier verf\u00fcgt die Schulsozialarbeit \u00fcber eigene finanzielle Mittel.<\/li>\n\n\n\n<li>Netzwerkarbeit im Kontakt mit Vereinen und Jugendeinrichtungen im Stadtteil.<\/li>\n<\/ul>\n\n\n\n<p>Unsere Schulsozialarbeit ist <strong>derzeit leider vakant<\/strong>.<\/p>\n\n\n\n<p>Sonstige Sprechzeiten:<\/p>\n\n\n\n<p>Montag: 8.30-14.30 Uhr<br>Mittwoch: 8.30-14.30 Uhr<br>Donnerstag: 8.30-14.30 Uhr<\/p>\n\n\n\n<p>Als Abteilung des Fachbereiches Jugendhilfe und Soziale Dienste innerhalb der Sozial- und Jugendbeh\u00f6rde der Stadt Karlsruhe ist die Schulsozialarbeit ein wesentlicher Teil der Jugendsozialarbeit. Weitere Informationen dar\u00fcber gibt es unter:<\/p>\n\n\n\n<p><a href=\"https:\/\/www.karlsruhe.de\/schuso\">https:\/\/www.karlsruhe.de\/schuso<\/a><\/p>\n\n\n\n<p><strong>Kontakt:<\/strong>&nbsp;<a href=\"mailto:schuso.humboldt@sjb.karlsruhe.de\">schuso.humboldt@sjb.karlsruhe.de<\/a><\/p>\n","protected":false},"excerpt":{"rendered":"<p>Schulsozialarbeit ist ein Beratungsangebot der Stadt Karlsruhe f\u00fcr die Schulgemeinschaft und unterst\u00fctzt die Sch\u00fcler*innen, Erziehungsberechtigten und das Lehrerkollegium hier an der Schule. Sie tr\u00e4gt der Entwicklung Rechnung, dass Schulen zunehmend vom reinen Lernort zum Lern- und Lebensort werden. Die Aufgabenschwerpunkte in der Schulsozialarbeit in Karlsruhe sind: Unsere Schulsozialarbeit ist derzeit leider vakant. Sonstige Sprechzeiten: Montag: [&hellip;]<\/p>\n","protected":false},"author":1,"featured_media":0,"parent":174,"menu_order":0,"comment_status":"closed","ping_status":"closed","template":"","meta":{"footnotes":""},"class_list":["post-209","page","type-page","status-publish","hentry"],"_links":{"self":[{"href":"https:\/\/www.humboldt-ka.de\/index.php\/wp-json\/wp\/v2\/pages\/209","targetHints":{"allow":["GET"]}}],"collection":[{"href":"https:\/\/www.humboldt-ka.de\/index.php\/wp-json\/wp\/v2\/pages"}],"about":[{"href":"https:\/\/www.humboldt-ka.de\/index.php\/wp-json\/wp\/v2\/types\/page"}],"author":[{"embeddable":true,"href":"https:\/\/www.humboldt-ka.de\/index.php\/wp-json\/wp\/v2\/users\/1"}],"replies":[{"embeddable":true,"href":"https:\/\/www.humboldt-ka.de\/index.php\/wp-json\/wp\/v2\/comments?post=209"}],"version-history":[{"count":2,"href":"https:\/\/www.humboldt-ka.de\/index.php\/wp-json\/wp\/v2\/pages\/209\/revisions"}],"predecessor-version":[{"id":687,"href":"https:\/\/www.humboldt-ka.de\/index.php\/wp-json\/wp\/v2\/pages\/209\/revisions\/687"}],"up":[{"embeddable":true,"href":"https:\/\/www.humboldt-ka.de\/index.php\/wp-json\/wp\/v2\/pages\/174"}],"wp:attachment":[{"href":"https:\/\/www.humboldt-ka.de\/index.php\/wp-json\/wp\/v2\/media?parent=209"}],"curies":[{"name":"wp","href":"https:\/\/api.w.org\/{rel}","templated":true}]}}