{"id":230,"date":"2025-05-11T15:44:29","date_gmt":"2025-05-11T13:44:29","guid":{"rendered":"https:\/\/www.humboldt-ka.de\/index.php\/?page_id=230"},"modified":"2025-10-21T12:15:05","modified_gmt":"2025-10-21T10:15:05","slug":"bogy","status":"publish","type":"page","link":"https:\/\/www.humboldt-ka.de\/index.php\/aktiv\/bogy\/","title":{"rendered":"BOGY"},"content":{"rendered":"\n<p class=\"is-style-default\">Zum Erziehungs- und Bildungsauftrag der <strong>Gymnasien <\/strong>in Baden-<strong>W\u00fcrttemberg <\/strong>geh\u00f6rt es auch, die Sch\u00fclerinnen und Sch\u00fcler &#8222;durch die Ber\u00fccksichtigung berufs- und wirtschaftskundlicher Themenstellungen darauf vorzubereiten, selbstst\u00e4ndig \u00fcber ihre Studien- und Berufswahl zu entscheiden und verantwortlich am Arbeits- und Wirtschaftsleben teilzunehmen.&#8220; (Bildungsplan 2026, Seite 10)<\/p>\n\n\n\n<p>Beachten Sie unser Bogy Gesamtkonzept:<\/p>\n\n\n\n<div class=\"wp-block-file\"><a id=\"wp-block-file--media-69155d6c-b521-4fda-8032-4a355c7b24b7\" href=\"https:\/\/www.humboldt-ka.de\/wp-content\/uploads\/2025\/05\/2024_bogy-gesamtkonzept_vorstellung_eltern_hompage.pdf\">BOGY Gesamtkonzept<\/a><\/div>\n\n\n\n<figure class=\"wp-block-image alignright size-large is-resized\"><img loading=\"lazy\" decoding=\"async\" width=\"1024\" height=\"457\" src=\"https:\/\/www.humboldt-ka.de\/wp-content\/uploads\/2025\/05\/Moodle-Logo_6.1-1024x457.png\" alt=\"HGK Logo in Orange\" class=\"wp-image-320\" style=\"width:458px;height:auto\" srcset=\"https:\/\/www.humboldt-ka.de\/wp-content\/uploads\/2025\/05\/Moodle-Logo_6.1-1024x457.png 1024w, https:\/\/www.humboldt-ka.de\/wp-content\/uploads\/2025\/05\/Moodle-Logo_6.1-300x134.png 300w, https:\/\/www.humboldt-ka.de\/wp-content\/uploads\/2025\/05\/Moodle-Logo_6.1-768x343.png 768w, https:\/\/www.humboldt-ka.de\/wp-content\/uploads\/2025\/05\/Moodle-Logo_6.1-1536x686.png 1536w, https:\/\/www.humboldt-ka.de\/wp-content\/uploads\/2025\/05\/Moodle-Logo_6.1.png 1980w\" sizes=\"auto, (max-width: 1024px) 100vw, 1024px\" \/><\/figure>\n\n\n\n<p>Mit Hilfe von BOGY (= Berufs- und Studienorientierung am Gymnasium) soll die Umsetzung der Vorgaben des Bildungsplanes erleichtert werden. Dazu geh\u00f6ren neben der Durchf\u00fchrung der Berufserkundungstage (bei uns am Humboldt-Gymnasium in Klasse 10) weitere schulische und au\u00dferschulische Veranstaltungen.<\/p>\n\n\n\n<p>Die Modalit\u00e4ten f\u00fcr den Wechsel an berufliche Gymnasien haben sich ge\u00e4ndert. Die aktualisierten Informationen der Schulleitung finden Sie hier: (aktuell in \u00dcberarbeitung). Interessierte Sch\u00fclerinnen und Sch\u00fcler sowie Eltern k\u00f6nnen sich bei Unklarheiten gern an das BOGY-Team wenden.<\/p>\n\n\n\n<p>Die Firma Siemens bietet auf ihren Internetseiten einen kostenlosen und anonymen<strong>&nbsp;<a href=\"http:\/\/www.siemens.de\/jona\" target=\"_blank\" rel=\"noreferrer noopener\">Job-Navigator. Einfach mal reinschauen !<\/a><\/strong><\/p>\n\n\n\n<p>Bewerbungstipps und Musterbewerbungsschreiben, Vorlagen f\u00fcr Lebensl\u00e4ufe usw. findet man&nbsp;<strong><a href=\"https:\/\/www.einstieg.com\/bewerbung\/\">https:\/\/www.einstieg.com\/bewerbung\/<\/a>&nbsp;<\/strong>sowie alternativ&nbsp;<strong><a href=\"https:\/\/www.azubiyo.de\/bewerbung\/download\/\" rel=\"noreferrer noopener\" target=\"_blank\">https:\/\/www.azubiyo.de\/bewerbung\/download\/<\/a><\/strong>&nbsp;.<\/p>\n\n\n\n<p>Aktuelles von der&nbsp;<strong><a href=\"http:\/\/www.studieninfo-bw.de\/\" target=\"_blank\" rel=\"noreferrer noopener\">Studieninformation Baden-W\u00fcrttemberg<\/a><\/strong>:<br>Seit 2011 ist an den meisten Hochschulen in Baden-W\u00fcrttemberg ein f\u00e4cher\u00fcbergreifender Selbsttest zur Studienorientierung, kurz &#8222;Orientierungstest&#8220; oder &#8222;OT&#8220; f\u00fcr alle Studienbewerber&nbsp; Pflicht. Diesen Orientierungstest kann man unter&nbsp;<strong><a href=\"http:\/\/www.was-studiere-ich.de\/\" target=\"_blank\" rel=\"noreferrer noopener\">www.was-studiere-ich.de<\/a><\/strong>&nbsp;absolvieren. Auf Grundlage eigener Interessen und F\u00e4higkeiten schl\u00e4gt der OT Studienf\u00e4cher und Berufe vor und bietet somit eine wichtige Unterst\u00fctzung bei der Studienfachwahl.<\/p>\n\n\n\n<p>Frau Anca Ohler, Studien- und Berufsberaterin, bietet monatlich eine Sprechstunde f\u00fcr Sch\u00fclerinnen und Sch\u00fcler der Oberstufe an. Die konkreten Sprechzeiten im laufenden Schuljahr werden an dieser Stelle zeitnah aktualisiert.<\/p>\n\n\n\n<p>Die Anmeldung zu den Sprechstunden erfolgt \u00fcber Frau Deger-Glaeser aus dem BOGY-Team.<\/p>\n\n\n\n<p>Die Homepage&nbsp;<strong><a href=\"http:\/\/karlsruher-weg.de\/\" target=\"_blank\" rel=\"noreferrer noopener\">&#8222;Karlsruher Weg&#8220;<\/a><\/strong>&nbsp;pr\u00e4sentiert Angebote der Berufs- und Studienorientierung f\u00fcr Abiturienten im Raum Karlsruhe und stellt mit ihrem Angebot einen sehr aktuellen Wegweiser zu diesem Themenbereich dar.<\/p>\n\n\n\n<h3 class=\"wp-block-heading\">BOGY f\u00fcr Klasse 10<\/h3>\n\n\n\n<div class=\"wp-block-file\"><a id=\"wp-block-file--media-795d0532-530f-4ffe-a993-c0b7cdd39e80\" href=\"https:\/\/www.humboldt-ka.de\/wp-content\/uploads\/2025\/05\/2025_bogy_infobrief_sus.pdf\">Infobrief Sch\u00fcler:innen<\/a><\/div>\n\n\n\n<div class=\"wp-block-file\"><a id=\"wp-block-file--media-a78994a8-308f-437a-93c6-cbdf199a6e99\" href=\"https:\/\/www.humboldt-ka.de\/wp-content\/uploads\/2025\/05\/2025_bogy_infobrief_eltern.pdf\">Infobrief Eltern<\/a><\/div>\n\n\n\n<div class=\"wp-block-file\"><a id=\"wp-block-file--media-de1379c6-30f3-4d92-8769-85fd2621a9b5\" href=\"https:\/\/www.humboldt-ka.de\/wp-content\/uploads\/2025\/05\/2025_bogy_firmenanschreiben.pdf\">Firmenanschreiben<\/a><\/div>\n\n\n\n<div class=\"wp-block-file\"><a id=\"wp-block-file--media-e8a517ab-5355-45fb-af7b-7f9c1cbdf7d1\" href=\"https:\/\/www.humboldt-ka.de\/wp-content\/uploads\/2025\/05\/2025_bogy_gaestekartenbestellung.pdf\">G\u00e4stekartenbestellung<\/a><\/div>\n\n\n\n<h3 class=\"wp-block-heading\">Allgemeine Informationen<\/h3>\n\n\n\n<div class=\"wp-block-file\"><a id=\"wp-block-file--media-93244034-21f4-4774-b19f-1b9455ea2480\" href=\"https:\/\/www.humboldt-ka.de\/wp-content\/uploads\/2025\/05\/bogy-gesamtkonzept_vorstellung_eltern_hompage_1.pdf\">Gesamtkonzept des HGK zur Berufs- und Studienorientierung<\/a><\/div>\n\n\n\n<div class=\"wp-block-file\"><a id=\"wp-block-file--media-c174d050-fab0-41e6-bf22-ab327f5ba0bf\" href=\"https:\/\/www.humboldt-ka.de\/wp-content\/uploads\/2025\/05\/tn-bestaetigung_boys.pdf\">Boys Day Teilnahmebescheinigung<\/a><\/div>\n\n\n\n<div class=\"wp-block-file\"><a id=\"wp-block-file--media-a9e056ef-b480-4aba-b2a6-6c4e9384609e\" href=\"https:\/\/www.humboldt-ka.de\/wp-content\/uploads\/2025\/05\/tn-bestaetigung_girls.pdf\">Girls Day Teilnahmebescheinigung<\/a><\/div>\n","protected":false},"excerpt":{"rendered":"<p>Zum Erziehungs- und Bildungsauftrag der Gymnasien in Baden-W\u00fcrttemberg geh\u00f6rt es auch, die Sch\u00fclerinnen und Sch\u00fcler &#8222;durch die Ber\u00fccksichtigung berufs- und wirtschaftskundlicher Themenstellungen darauf vorzubereiten, selbstst\u00e4ndig \u00fcber ihre Studien- und Berufswahl zu entscheiden und verantwortlich am Arbeits- und Wirtschaftsleben teilzunehmen.&#8220; (Bildungsplan 2026, Seite 10) Beachten Sie unser Bogy Gesamtkonzept: Mit Hilfe von BOGY (= Berufs- und [&hellip;]<\/p>\n","protected":false},"author":9,"featured_media":0,"parent":217,"menu_order":0,"comment_status":"closed","ping_status":"closed","template":"","meta":{"footnotes":""},"class_list":["post-230","page","type-page","status-publish","hentry"],"_links":{"self":[{"href":"https:\/\/www.humboldt-ka.de\/index.php\/wp-json\/wp\/v2\/pages\/230","targetHints":{"allow":["GET"]}}],"collection":[{"href":"https:\/\/www.humboldt-ka.de\/index.php\/wp-json\/wp\/v2\/pages"}],"about":[{"href":"https:\/\/www.humboldt-ka.de\/index.php\/wp-json\/wp\/v2\/types\/page"}],"author":[{"embeddable":true,"href":"https:\/\/www.humboldt-ka.de\/index.php\/wp-json\/wp\/v2\/users\/9"}],"replies":[{"embeddable":true,"href":"https:\/\/www.humboldt-ka.de\/index.php\/wp-json\/wp\/v2\/comments?post=230"}],"version-history":[{"count":3,"href":"https:\/\/www.humboldt-ka.de\/index.php\/wp-json\/wp\/v2\/pages\/230\/revisions"}],"predecessor-version":[{"id":517,"href":"https:\/\/www.humboldt-ka.de\/index.php\/wp-json\/wp\/v2\/pages\/230\/revisions\/517"}],"up":[{"embeddable":true,"href":"https:\/\/www.humboldt-ka.de\/index.php\/wp-json\/wp\/v2\/pages\/217"}],"wp:attachment":[{"href":"https:\/\/www.humboldt-ka.de\/index.php\/wp-json\/wp\/v2\/media?parent=230"}],"curies":[{"name":"wp","href":"https:\/\/api.w.org\/{rel}","templated":true}]}}