{"id":262,"date":"2025-05-04T16:06:10","date_gmt":"2025-05-04T14:06:10","guid":{"rendered":"https:\/\/www.humboldt-ka.de\/index.php\/?page_id=262"},"modified":"2026-02-09T19:54:06","modified_gmt":"2026-02-09T18:54:06","slug":"hausmeister","status":"publish","type":"page","link":"https:\/\/www.humboldt-ka.de\/index.php\/schulgemeinschaft\/hausmeister\/","title":{"rendered":"Hausmeister"},"content":{"rendered":"\n<p class=\"is-style-default\">Unser <strong>Hausmeister<\/strong>, <strong>Herr B\u00f6hm<\/strong>, k\u00fcmmert sich um alle Belange rund um das Geb\u00e4udemanagement am HGK.<\/p>\n\n\n\n<figure class=\"wp-block-image alignleft size-large\"><img loading=\"lazy\" decoding=\"async\" width=\"576\" height=\"1024\" src=\"https:\/\/www.humboldt-ka.de\/wp-content\/uploads\/2026\/01\/Boehm-576x1024.jpeg\" alt=\"Foto des Schulhausmeisters, Herrn B\u00f6hm, der mit einem Laubsauger in der Hand vor dem Haupteingang des HGK steht.\" class=\"wp-image-923\" srcset=\"https:\/\/www.humboldt-ka.de\/wp-content\/uploads\/2026\/01\/Boehm-576x1024.jpeg 576w, https:\/\/www.humboldt-ka.de\/wp-content\/uploads\/2026\/01\/Boehm-169x300.jpeg 169w, https:\/\/www.humboldt-ka.de\/wp-content\/uploads\/2026\/01\/Boehm-768x1365.jpeg 768w, https:\/\/www.humboldt-ka.de\/wp-content\/uploads\/2026\/01\/Boehm-864x1536.jpeg 864w, https:\/\/www.humboldt-ka.de\/wp-content\/uploads\/2026\/01\/Boehm-1152x2048.jpeg 1152w, https:\/\/www.humboldt-ka.de\/wp-content\/uploads\/2026\/01\/Boehm-scaled.jpeg 1440w\" sizes=\"auto, (max-width: 576px) 100vw, 576px\" \/><\/figure>\n\n\n\n<p>Sie erreichen ihn per Telefon unter der Nummer<\/p>\n\n\n\n<p><a href=\"tel:+49%20(0)721%20133-4508\">+49 (0)721 133-4526<\/a><\/p>\n\n\n\n<p>oder per E-Mail an&nbsp;<\/p>\n\n\n\n<p><a href=\"mailto:poststelle@humboldt-gymnasium-ka.schule.bwl.de\">poststelle@humboldt-gymnasium-ka.schule.bwl.de<\/a><\/p>\n\n\n\n<p>Sein B\u00fcro finden Sie direkt nach Passieren des Haupteingangs, linke Hand, hinter dem Glaskasten des Pausenverkaufs. <\/p>\n\n\n\n<p>Herr B\u00f6hm gibt Ihnnen auch gerne Auskunft zu Fundsachen, die im HGK oder den Sporthallen liegen geblieben sind.<\/p>\n","protected":false},"excerpt":{"rendered":"<p>Unser Hausmeister, Herr B\u00f6hm, k\u00fcmmert sich um alle Belange rund um das Geb\u00e4udemanagement am HGK. Sie erreichen ihn per Telefon unter der Nummer +49 (0)721 133-4526 oder per E-Mail an&nbsp; poststelle@humboldt-gymnasium-ka.schule.bwl.de Sein B\u00fcro finden Sie direkt nach Passieren des Haupteingangs, linke Hand, hinter dem Glaskasten des Pausenverkaufs. Herr B\u00f6hm gibt Ihnnen auch gerne Auskunft zu [&hellip;]<\/p>\n","protected":false},"author":1,"featured_media":0,"parent":174,"menu_order":0,"comment_status":"closed","ping_status":"closed","template":"","meta":{"footnotes":""},"class_list":["post-262","page","type-page","status-publish","hentry"],"_links":{"self":[{"href":"https:\/\/www.humboldt-ka.de\/index.php\/wp-json\/wp\/v2\/pages\/262","targetHints":{"allow":["GET"]}}],"collection":[{"href":"https:\/\/www.humboldt-ka.de\/index.php\/wp-json\/wp\/v2\/pages"}],"about":[{"href":"https:\/\/www.humboldt-ka.de\/index.php\/wp-json\/wp\/v2\/types\/page"}],"author":[{"embeddable":true,"href":"https:\/\/www.humboldt-ka.de\/index.php\/wp-json\/wp\/v2\/users\/1"}],"replies":[{"embeddable":true,"href":"https:\/\/www.humboldt-ka.de\/index.php\/wp-json\/wp\/v2\/comments?post=262"}],"version-history":[{"count":10,"href":"https:\/\/www.humboldt-ka.de\/index.php\/wp-json\/wp\/v2\/pages\/262\/revisions"}],"predecessor-version":[{"id":1392,"href":"https:\/\/www.humboldt-ka.de\/index.php\/wp-json\/wp\/v2\/pages\/262\/revisions\/1392"}],"up":[{"embeddable":true,"href":"https:\/\/www.humboldt-ka.de\/index.php\/wp-json\/wp\/v2\/pages\/174"}],"wp:attachment":[{"href":"https:\/\/www.humboldt-ka.de\/index.php\/wp-json\/wp\/v2\/media?parent=262"}],"curies":[{"name":"wp","href":"https:\/\/api.w.org\/{rel}","templated":true}]}}